n h is divided by 14.
11
Suppose 3*b = 5*c - b + 10, -17 = -c - 3*b. Calculate the remainder when c is divided by 2.
0
Let n = 94 - 51. Calculate the remainder when n is divided by 25.
18
Suppose 12 = -7*x + 10*x. What is the remainder when 15 is divided by x?
3
Calculate the remainder when (-3)/(6/(-5))*14 is divided by 84/105 - 56/(-5).
11
Let g = 13 + -2. Let a = 53 - 21. Calculate the remainder when a is divided by g.
10
Let o(a) = -11*a - 70. Calculate the remainder when o(-17) is divided by 12.
9
Let l = 11 - -9. Suppose 2*h + 20 = 134. Calculate the remainder when h is divided by l.
17
Let f = -2 + 8. Let r(a) = 13*a - 540 + 546 - 6*a - a**2. Calculate the remainder when 22 is divided by r(f).
10
Let x = -307 + 530. Calculate the remainder when x is divided by 28.
27
Let a(v) = -v**3 + 6*v**2 - 3*v - 7. Let c be a(5). Suppose 2*j + 1 = -5*z + 3, 4*z = j - 27. Calculate the remainder when ((-20)/c)/((-2)/6) is divided by j.
9
Suppose 32 = 9*v - 4. What is the remainder when (21 - -1)*2/4 is divided by v?
3
Suppose -3*j + 108 = 3*y, j - 5*y - 18 = -0. Calculate the remainder when 1/1*j - 2 is divided by 16.
15
Suppose 2*b + 3*m - 50 = 0, b - m + 2 = 37. Let q = 7 + -6. Suppose -2*r = y + q - 6, -2*y = -4*r - 34. Calculate the remainder when b is divided by y.
9
Let w(m) = -m**3 - 13*m**2 - 14*m - 17. Let q be w(-12). Suppose i + 0*i = q. What is the remainder when 12 is divided by i?
5
Let z = -61 - -131. Calculate the remainder when z is divided by 36.
34
Let x(w) = -10*w - 13. What is the remainder when x(-11) is divided by 25?
22
Let y = 3 - 2. Let x = -7 + 7. Suppose 0 = -2*k - x*k + 4. What is the remainder when k is divided by y?
0
Let x = 4 + 22. Suppose -x = -4*p + 6. Calculate the remainder when 23 is divided by p.
7
Let s = 160 + -47. Calculate the remainder when s is divided by 23.
21
Calculate the remainder when 66 is divided by ((-34)/(-8))/((-91)/(-28) + -3).
15
Suppose 3 = -2*g + 2*w + 1, -2*g - 2*w = -18. What is the remainder when 13 is divided by g?
1
Let b(f) = 2*f - 2. Let h be b(3). What is the remainder when 34 is divided by 4/(((-16)/(-18))/h)?
16
Let y(l) = l. Let f(t) = -24*t + 1. Let h(g) = -f(g) - 3*y(g). What is the remainder when h(1) is divided by 11?
9
Suppose 0 = 2*k + 5*k - 140. What is the remainder when 76 is divided by k?
16
Let z(f) = -f**2 - 16*f + 2. Let p be (-8)/(-36) + 238/(-18). Calculate the remainder when z(p) is divided by 11.
8
Suppose -4*g - 2 = -3*s, -4*s = -3*g - g - 8. What is the remainder when 10 is divided by s?
4
Suppose 2*v = 6 + 2. What is the remainder when v is divided by 2?
0
Let j(l) = -l**2 + 2*l + 20. Suppose 0 = 2*w + 7 - 37. Let t = w + -8. Calculate the remainder when j(0) is divided by t.
6
Let v(t) = -t**2 - 9*t. Calculate the remainder when 57 is divided by v(-4).
17
Suppose -2*b = 3*o - 131, 2*b - 86 = -2*o + b. What is the remainder when o is divided by -1*27/(-3) + 2?
8
Let y = -11 - -5. Let o = y + -9. Calculate the remainder when 35 is divided by (-5)/o - 70/(-6).
11
Let r be 7/(-8)*2*-8. Suppose -2*a + r = 6. Let l(m) = -4*m - 10. What is the remainder when l(-4) is divided by a?
2
Let x = 48 + 94. What is the remainder when x is divided by 29?
26
Suppose -4*p - 3*g + 95 = 0, -p = 4*p + 4*g - 120. Suppose 2*o - 6 = 8. Calculate the remainder when p is divided by o.
6
Suppose 5*o = 31 + 29. Suppose 5*m - 166 = 114. Suppose 4*s - 196 = -m. What is the remainder when s is divided by o?
11
Suppose -2*z + 4 + 4 = 0. Let b be (2 - z)/(3/(-18)). Suppose -4*o - b = -208. What is the remainder when o is divided by 17?
15
Let z be ((-96)/5)/((-6)/20). Suppose 4*u + 5*g - 17 = 45, -3*u = -5*g - z. Suppose -5*v + 32 + u = 0. Calculate the remainder when 28 is divided by v.
8
Suppose t - 8 + 0 = 4*s, 2*s = 3*t - 14. Suppose q + t*q = 55. Calculate the remainder when q is divided by 3.
2
Suppose -2*v = 4*n - 2*n - 12, -2*v = -n. Suppose 2*s - 5*o + 5 = 0, 0 = -0*s - 3*s + v*o - 2. Calculate the remainder when 4 is divided by (1 - s)/(3/9).
1
Let g(f) = -f**2 + 10*f - 11. Let u be g(8). Suppose 46 = 5*h - 4*p, -3*h = h + u*p - 45. What is the remainder when 19 is divided by h?
9
Let m = 8 + -2. Suppose 8*y - 8 = m*y. Let w(c) = 3*c**2 - 2*c + 1. What is the remainder when y is divided by w(1)?
0
Let t be 5 + (-3)/(-3)*2. Suppose t = 5*j - 3. Let n(b) = -b**2 + 4*b + 1. What is the remainder when n(3) is divided by j?
0
Let y = -34 + 54. Calculate the remainder when 137 is divided by y.
17
Let c(s) = s**3 + 18*s**2 - 2*s - 18. What is the remainder when 35 is divided by c(-18)?
17
Let x(r) = -3*r. Let s(a) = -a. Let y(b) = -2*s(b) + x(b). Calculate the remainder when 13 is divided by y(-5).
3
Let m(p) = -p - 7. Let r be m(-7). Let a = -5 + r. Calculate the remainder when 2 is divided by (-3)/a - (-14)/10.
0
Let u(g) = -32*g - 23. What is the remainder when u(-9) is divided by 38?
37
Let c = -25 - -45. What is the remainder when c is divided by 7?
6
Let b(r) be the second derivative of -r**3/2 - r. Calculate the remainder when 35 is divided by b(-4).
11
Suppose 7 - 27 = -5*d. What is the remainder when 14 is divided by d?
2
Suppose 2*d = t - 152, -4*t = -d - 4*d - 614. Suppose 0 = -5*q - q + t. What is the remainder when q is divided by 9?
8
Let i = 9 + -48. Let p be 2/(-6) + i/(-9). Suppose o = p*o - 123. Calculate the remainder when o is divided by 14.
13
Let h be (12/10)/(2/5). Suppose -2*t - 24 = -5*t + h*m, 4*m = -12. Calculate the remainder when 13 is divided by t.
3
Let p = 2 + 30. Calculate the remainder when p is divided by 18.
14
Suppose 0 = -4*t - 5 + 1, -2*n - 4*t + 92 = 0. Calculate the remainder when n is divided by 13.
9
Let r(p) = p**2 - 3*p. Let l be r(4). Let i = 14 - l. Suppose -m = 4*z - i, 2*z + 0*z - 14 = -5*m. What is the remainder when 3 is divided by m?
1
Suppose 19*c = 20*c - 15. Calculate the remainder when 74 is divided by c.
14
Suppose -4 = d, -2*u + d + 35 = -31. Let b = 109 - 51. Suppose 21 = 3*c + 5*w - 12, -b = -4*c - 2*w. Calculate the remainder when u is divided by c.
15
Suppose d = 5*m + 24, -4*d + 3*m + 165 - 18 = 0. Let f = 60 - d. What is the remainder when 41 is divided by f?
20
Suppose 314 = 3*l + 11. Calculate the remainder when l is divided by 34.
33
Let z(o) = 14*o**2 + o + 0*o - 7*o**2 + 6*o**2. Calculate the remainder when 38 is divided by z(1).
10
Suppose 3*m + 170 = 4*y, -2*y = -m - 48 - 36. Suppose 56 = 5*w - w. Calculate the remainder when y is divided by w.
13
What is the remainder when -1*(-3)/((-3)/(-38)) is divided by 13?
12
Let r(b) = 2*b**2 + 4*b - 5. Let c be r(-4). Let s = 24 + c. Calculate the remainder when s is divided by 9.
8
Suppose 0 = 3*l - 115 + 28. Calculate the remainder when 114 is divided by l.
27
Let g(w) = w**2 - w. Let q be g(2). Let v be ((-42)/5)/(6/(-20)). Suppose 20 = q*y - v. What is the remainder when y is divided by 13?
11
Let m(s) = 5*s. Let r be m(-2). Let l be 14/r + 2/5. What is the remainder when 0 + 19 - 0/l is divided by 11?
8
Suppose 4*p = 5*r - 125, 4*r + 5*p - 87 = 13. What is the remainder when 97 is divided by r?
22
Let g(i) = -7*i - 7. Let p be g(4). What is the remainder when 10 is divided by (-30)/p*(6 + 1)?
4
Calculate the remainder when 3 - (3 + 0 - 22) is divided by 4.
2
Let j(s) be the second derivative of 2*s**3/3 - 11*s**2/2 + 2*s. What is the remainder when 61 is divided by j(8)?
19
Suppose -l = 3*r + 7, -r + 0 = l - 1. Suppose -2*y = -3*y + l. Suppose -y*f + 35 + 10 = 0. What is the remainder when f is divided by 5?
4
Suppose -g + 4 = -2*d - 15, 5*g - 60 = 3*d. What is the remainder when 50/5*(-8)/(-5) is divided by g?
7
Calculate the remainder when ((-75)/20 - -4) + (-62)/(-8) is divided by 5.
3
What is the remainder when (4/(-10))/((-18)/1305) is divided by 15?
14
Let w = 21 + -36. Let k = w + 25. Let s = -44 + 63. Calculate the remainder when s is divided by k.
9
Let q be 2*(-4)/(32/(-388)). Suppose 5*j - 137 = 2*i, -3*i - q - 41 = -5*j. What is the remainder when j is divided by 2/5 + 146/10?
12
Let p(t) = -12*t - 3. Suppose -37 = 3*a + 5*c, -3*a = -4*c - 4 - 4. What is the remainder when p(a) is divided by 12?
9
Let z(d) = -d**3 - 7*d**2 - d - 3. Calculate the remainder when 9 is divided by z(-7).
1
Let j(a) = 4*a**3 + 4*a**2 - 2*a - 2. Suppose c = 4*o - 2*o + 8, -3*c + 